 j - t - 33787. What is the tens digit of j?
4
Suppose 59 + 88 = 3*y. Let b = y + -48. What is the tens digit of b/(144/(-148) - -1)?
3
Suppose -4*q - 20 = k + 4*k, 5*q - 2*k = 8. Suppose 3*y - 36 = -4*v, q*y - 5 = -y + v. Suppose 2*o = y*o - 528. What is the tens digit of o?
8
Let i = 377 + -370. What is the hundreds digit of (-2)/i - (-114570)/126?
9
Let g be (-1)/4 + 1 + (-333)/12. Let u = g + 16. Let p = 28 - u. What is the units digit of p?
9
Let v(r) = -3*r**3 - 67*r**2 + 8*r + 137. What is the units digit of v(-37)?
7
Let q be (2 + -3)*(-2 - -2) - -5. Suppose -q*l = -4*w + 300, -w = -5*w. What is the units digit of ((-66)/5)/(9/l)?
8
Let j be (30/(-25))/((-3)/(-8535)*2). Let b = j + 3016. What is the tens digit of b?
0
Let t(g) = -g**2 - 16*g + 61. Let i be t(-19). Suppose 3*n - 3*x = 1188, -4*n = x + i*x - 1593. What is the tens digit of n?
9
Let j = 152 + -59. Let l be (2 - -99)*(-22)/(-11). Let r = l - j. What is the hundreds digit of r?
1
Let z(p) = p**2 - 8*p + 12. Let k be z(7). What is the hundreds digit of 3 + (498 - (k + -2))?
4
Let k(q) = q**3 + 71*q**2 - 98*q - 245. What is the units digit of k(-66)?
3
Let a be (19940 - 0/(-5))*(5 + -4). What is the thousands digit of a/16 - (-9)/12?
1
Suppose 0 = 4*q + 8, -14 = -2*o + 5*q - 0*q. Let r be 0/(15/(-10)*o). Suppose r = t - 3*m - 15, -2*m - 14 = -t + 3. What is the units digit of t?
1
Suppose 25 = 4*s + 9. Suppose 289 = 3*m - s*k, 2*m - 2*k = -0*m + 190. Let a = m - 24. What is the tens digit of a?
6
Suppose 5*y + 3*s = -0*s - 5, -4*s - 20 = 0. Suppose -6 = 3*p, p = 4*j + y*p - 1118. What is the units digit of j?
0
Suppose -2*t = g + g + 4, g = 5*t + 22. Suppose -16 = g*o - 2*q, -2*o - 34 = 3*o - 3*q. What is the tens digit of -3*1 + o/((-5)/86)?
8
Suppose 1 = -l, 10*o + 4 = 11*o + 2*l. Suppose -y = 4*p - 272, -o*y + 10*y + 5*p = 1088. What is the units digit of y?
2
Let r(i) = 13 - i**3 - 43 - 14*i**2 + 8*i + 0*i + 11. Let s be (17 + (-6)/3)*-1. What is the units digit of r(s)?
6
Let s(g) = -33*g. Let m be s(-6). Let n = 1858 - 1855. Suppose -n*q = -27 - m. What is the tens digit of q?
7
Let w(f) = 4*f**2 + 14*f + 8. Suppose -14*l + 10*l = -20. What is the tens digit of w(l)?
7
What is the tens digit of 943426/76 + 9/(-6)?
1
Suppose 136*k - 333971 = -568734 + 2853171. What is the ten thousands digit of k?
1
Let p be (-6 - (-40)/8) + -1331. Let w = -415 - p. What is the hundreds digit of w?
9
Let m(n) = 169*n**3 - 2*n**2 + n - 1. Let o be 5/(-30)*-9*2/3. What is the tens digit of m(o)?
6
Let a(w) be the second derivative of w**4/12 - 11*w**3/6 - 5*w**2 + 18*w. Let s be a(12). What is the units digit of ((-357)/(-6) - 0) + 1/s?
0
Let q = -492 - -496. Suppose -1420 = -2*j - 2*d, -q*d = 4*j + j - 3555. What is the hundreds digit of j?
7
Suppose -c - 14*u + 9*u + 7395 = 0, 0 = 2*c + 3*u - 14755. What is the hundreds digit of c?
3
Suppose a + 8 = 2*b - 3, 0 = -5*b + 2*a + 25. Suppose -b*j - 33 = -534. Let y = -119 + j. What is the units digit of y?
8
What is the thousands digit of 166/(-747) + ((-195122)/(-9) - 0) - -1?
1
Let z be -73*(-114)/9 - 4/6. Suppose 3*m = 4*k + z, m + k - 308 = 6*k. Suppose 0 = x - 5*x - 3*c + m, -c = -5*x + 404. What is the units digit of x?
0
Let b be 1/(-1 - 10/(-8)). Suppose 3*o - 107 - 784 = -3*q, 2*q = -b. What is the units digit of o?
9
Let u(b) = -2531*b + 235. What is the units digit of u(-2)?
7
Let j(p) be the third derivative of 11*p**5/60 - p**4/4 + 46*p**3/3 + 67*p**2 - 2. What is the tens digit of j(7)?
8
What is the thousands digit of -3*(17 - 10) - -25210?
5
Let r(x) be the third derivative of -59*x**4/24 + 3*x**3/2 - 7*x**2 + 3. What is the units digit of r(-4)?
5
Let h(t) = -t**3 + 2*t**2 - 5*t - 52. Let q be h(-9). Suppose f - 195 = -2*p + 1558, 2*f + q = p. What is the tens digit of p?
7
Suppose 4*q - 1192 - 1836 = 0. Suppose -8*y + 1267 = -q. What is the tens digit of y?
5
Suppose 4*d + 9*r - 147620 = 5*r, -5*d + r + 184501 = 0. What is the units digit of d?
1
Let b = -279 + 5229. What is the units digit of b?
0
Let f be -1 - (4/(-1) + 381). Let r = f + 599. Let y = r - 153. What is the tens digit of y?
6
Let k be 2/9 + (-204)/(-54). Suppose 9*j - k*j = i + 313, -5*j + 321 = 3*i. Suppose -3*a + j + 111 = 0. What is the tens digit of a?
5
Let h(u) = 16*u**3 - 29*u + 15 - 30*u - 32*u + 7*u**2 + u**2 + 89*u. What is the units digit of h(4)?
9
Suppose -4*n - 140 = -3*j, 2*n - 4*j = -2*j - 72. Let l = n + 80. Let d = l + 42. What is the units digit of d?
0
Let p(o) = 464*o - 3583. What is the thousands digit of p(43)?
6
Suppose 2*o - 19453 - 17808 = 5*r, -2*r - 55919 = -3*o. What is the thousands digit of o?
8
Let u be -38 + 38 + 7*(2 + -1). Suppose -u = -5*m + 8. Suppose -4*z = n - 201, z + 53 = 2*z + m*n. What is the tens digit of z?
5
Let q(t) = 8*t + 14. Let g be (2/1 + 1)*(-10)/(-6). Let c be q(g). What is the units digit of 583/9 - (-12)/c?
5
Let p be (((-8)/(-3))/(-4))/((-6)/(-108)). Let f be 4 - (-6 - -8) - p*31. Suppose -2*l + 370 = v, -2*l + f = 5*v - 3*v. What is the units digit of l?
3
Let d be (-36)/216 - (-38)/12. Suppose 4*y - 571 = d*t + 863, 0 = -5*y - 4*t + 1777. What is the units digit of y?
7
Suppose 22*i - 3374 = 29*i. Let r = i - -954. What is the hundreds digit of r?
4
Let r be 0 + 5 - -2*(5 - -960). Suppose 25*p = 2790 + r. What is the tens digit of p?
8
Suppose 6*p + 12*p = 6*p. Suppose 5*m - 8*m + 4245 = p. What is the units digit of m/6 - ((-5)/(-6))/(-5)?
6
Let r = 208 + -203. Suppose -5*f - 141 = 3*v - 1336, r*v = -f + 1977. What is the tens digit of v?
9
Suppose -4*n - 81848 = -24*z + 19*z, -4*z - 3*n = -65528. What is the ten thousands digit of z?
1
What is the hundreds digit of (-9 - -11)/(2/2865)?
8
Let h(x) = -8*x**2 - 55*x + 27. Let g(k) = -3*k**2 - 28*k + 14. Let w(u) = -5*g(u) + 2*h(u). What is the hundreds digit of w(22)?
1
Suppose 65*k - 3*g = 63*k + 11832, 0 = -2*k - 4*g + 11832. What is the units digit of k?
6
Let r = -342 - -399. Suppose 62*k - r*k - 1680 = 0. What is the hundreds digit of k?
3
Let f = 369 + -354. What is the units digit of (159/((-3)/(-1)))/(5/f)?
9
Let x(z) = z**2 + 4*z - 5. Let n be x(1). What is the tens digit of 45/(n + (-3)/(-39))?
8
Let s(k) = 4*k**2 - 89*k + 1511. What is the tens digit of s(62)?
6
Let g = 1622 - -6454. What is the hundreds digit of g?
0
Suppose 2*q + 14300 = 24*q. Let u = -446 + q. What is the tens digit of u?
0
Let t = -68 - -66. What is the hundreds digit of (-1 + 2)/(t + 749/374)?
3
Suppose 2*b = -8, -3*i - 4*b + 2*b = -85. Suppose 7 - i = -3*p. What is the units digit of p?
8
Suppose 3*s = 2*s - 32. Let q = s - -27. Let f(d) = -2*d + 17. What is the units digit of f(q)?
7
Suppose 0 = -0*v - 3*v + 111. Let r(s) = 1127*s + 7887. Let b be r(-7). What is the hundreds digit of (-1*v)/(b + (-28)/(-16))?
1
Suppose -10*t - 75*t = -439875. What is the tens digit of t?
7
Suppose -27*i + 552808 = 14*i + 45*i. What is the hundreds digit of i?
4
Suppose -5*i + 11 - 6 = 0. What is the tens digit of -150*((i - -1) + -3)?
5
Suppose 27662 = x + 3*l, 0 = 24*x - 22*x - 3*l - 55360. What is the tens digit of x?
7
Suppose f - 23 = -y + 262, 2*y + 5*f - 573 = 0. Suppose -68*l - y = -70*l. Let c = -95 + l. What is the tens digit of c?
4
Let n be 3/(-12) + 27/12. Suppose -4*d = -2*w + 142, -n*d = 4*w + d - 251. Suppose -w = -a + 12. What is the units digit of a?
7
What is the units digit of (28863/15)/((-111)/(-370))?
4
Let g(m) = -93*m**3 - 41*m**2 - 10*m + 68. What is the units digit of g(-6)?
0
What is the thousands digit of -5*((-9)/(180/43204) - (1 - 4))?
0
Suppose -s - 5*j = 2417, -7233 = 3*s - 5*j + 2*j. What is the tens digit of (s/(-15) - 4) + (-1)/(-5)?
5
Let o be 8*(-2 + (-12)/(-8)). Let b(q) = 69*q**2 + 30*q + 134. What is the tens digit of b(o)?
1
Let b = 7031 + 19902. What is the ten thousands digit of b?
2
Let j = -3096 - -3862. What is the tens digit of j?
6
Let b be 0/4 - (-718 + -2). What is the units digit of ((-15)/(-4))/(54/b)?
0
Let q = 4537 - 764. What is the tens digit of q?
7
Suppose -q + 1209 + 5496 = 8*q. What is the hundreds digit of q?
7
Let w(m) = 29*m**3 + 11*m**2 - 4*m - 12. Let r(o) = -88*o**3 - 32*o**2 + 11*o + 35. Let c(y) = 6*r(y) + 17*w(y). What is the hundreds digit of c(-2)?
2
Let l(q) = -7*q - 14. Let j be l(2). Let f = j - -94. What i